{"id":654,"date":"2025-06-05T09:24:33","date_gmt":"2025-06-05T09:24:33","guid":{"rendered":"https:\/\/www.camit.unt.edu.ar\/?page_id=654"},"modified":"2025-06-06T08:57:19","modified_gmt":"2025-06-06T08:57:19","slug":"menciones-y-reconocimientos","status":"publish","type":"page","link":"https:\/\/www.camit.unt.edu.ar\/index.php\/menciones-y-reconocimientos\/","title":{"rendered":"Menciones y reconocimientos"},"content":{"rendered":"\t\t<div data-elementor-type=\"wp-page\" data-elementor-id=\"654\" class=\"elementor elementor-654\">\n\t\t\t\t<div class=\"elementor-element elementor-element-f2a3919 e-grid e-con-boxed e-con e-parent\" data-id=\"f2a3919\" data-element_type=\"container\">\n\t\t\t\t\t<div class=\"e-con-inner\">\n\t\t\t\t<div class=\"elementor-element elementor-element-e71fe69 elementor-widget elementor-widget-image\" data-id=\"e71fe69\" data-element_type=\"widget\" data-widget_type=\"image.default\">\n\t\t\t\t<div class=\"elementor-widget-container\">\n\t\t\t\t\t\t\t\t\t\t\t\t\t\t\t<img fetchpriority=\"high\" decoding=\"async\" width=\"1024\" height=\"768\" src=\"https:\/\/www.camit.unt.edu.ar\/wp-content\/uploads\/2025\/06\/Chaco-Casa-de-la-Memeria-1-edited-1024x768.jpg\" class=\"attachment-large size-large wp-image-608\" alt=\"\" srcset=\"https:\/\/www.camit.unt.edu.ar\/wp-content\/uploads\/2025\/06\/Chaco-Casa-de-la-Memeria-1-edited-1024x768.jpg 1024w, https:\/\/www.camit.unt.edu.ar\/wp-content\/uploads\/2025\/06\/Chaco-Casa-de-la-Memeria-1-edited-300x225.jpg 300w, https:\/\/www.camit.unt.edu.ar\/wp-content\/uploads\/2025\/06\/Chaco-Casa-de-la-Memeria-1-edited-768x576.jpg 768w, https:\/\/www.camit.unt.edu.ar\/wp-content\/uploads\/2025\/06\/Chaco-Casa-de-la-Memeria-1-edited-1536x1152.jpg 1536w, https:\/\/www.camit.unt.edu.ar\/wp-content\/uploads\/2025\/06\/Chaco-Casa-de-la-Memeria-1-edited-2048x1536.jpg 2048w\" sizes=\"(max-width: 1024px) 100vw, 1024px\" \/>\t\t\t\t\t\t\t\t\t\t\t\t\t\t\t<\/div>\n\t\t\t\t<\/div>\n\t\t\t\t<div class=\"elementor-element elementor-element-c00e036 elementor-widget elementor-widget-image\" data-id=\"c00e036\" data-element_type=\"widget\" data-widget_type=\"image.default\">\n\t\t\t\t<div class=\"elementor-widget-container\">\n\t\t\t\t\t\t\t\t\t\t\t\t\t\t\t<img decoding=\"async\" width=\"1024\" height=\"683\" src=\"https:\/\/www.camit.unt.edu.ar\/wp-content\/uploads\/2024\/06\/Peritos-excavando-en-interior-del-Pozo-de-Vargas-2-1024x683.jpg\" class=\"attachment-large size-large wp-image-21\" alt=\"\" srcset=\"https:\/\/www.camit.unt.edu.ar\/wp-content\/uploads\/2024\/06\/Peritos-excavando-en-interior-del-Pozo-de-Vargas-2-1024x683.jpg 1024w, https:\/\/www.camit.unt.edu.ar\/wp-content\/uploads\/2024\/06\/Peritos-excavando-en-interior-del-Pozo-de-Vargas-2-300x200.jpg 300w, https:\/\/www.camit.unt.edu.ar\/wp-content\/uploads\/2024\/06\/Peritos-excavando-en-interior-del-Pozo-de-Vargas-2-768x512.jpg 768w, https:\/\/www.camit.unt.edu.ar\/wp-content\/uploads\/2024\/06\/Peritos-excavando-en-interior-del-Pozo-de-Vargas-2-1536x1024.jpg 1536w, https:\/\/www.camit.unt.edu.ar\/wp-content\/uploads\/2024\/06\/Peritos-excavando-en-interior-del-Pozo-de-Vargas-2-2048x1365.jpg 2048w\" sizes=\"(max-width: 1024px) 100vw, 1024px\" \/>\t\t\t\t\t\t\t\t\t\t\t\t\t\t\t<\/div>\n\t\t\t\t<\/div>\n\t\t\t\t<div class=\"elementor-element elementor-element-ed11269 elementor-widget elementor-widget-image\" data-id=\"ed11269\" data-element_type=\"widget\" data-widget_type=\"image.default\">\n\t\t\t\t<div class=\"elementor-widget-container\">\n\t\t\t\t\t\t\t\t\t\t\t\t\t\t\t<img decoding=\"async\" width=\"1006\" height=\"755\" src=\"https:\/\/www.camit.unt.edu.ar\/wp-content\/uploads\/2025\/06\/Corrientes-Empedrado-3-edited.jpg\" class=\"attachment-large size-large wp-image-607\" alt=\"\" srcset=\"https:\/\/www.camit.unt.edu.ar\/wp-content\/uploads\/2025\/06\/Corrientes-Empedrado-3-edited.jpg 1006w, https:\/\/www.camit.unt.edu.ar\/wp-content\/uploads\/2025\/06\/Corrientes-Empedrado-3-edited-300x225.jpg 300w, https:\/\/www.camit.unt.edu.ar\/wp-content\/uploads\/2025\/06\/Corrientes-Empedrado-3-edited-768x576.jpg 768w\" sizes=\"(max-width: 1006px) 100vw, 1006px\" \/>\t\t\t\t\t\t\t\t\t\t\t\t\t\t\t<\/div>\n\t\t\t\t<\/div>\n\t\t\t\t\t<\/div>\n\t\t\t\t<\/div>\n\t\t<div class=\"elementor-element elementor-element-cf6afc5 e-flex e-con-boxed e-con e-parent\" data-id=\"cf6afc5\" data-element_type=\"container\">\n\t\t\t\t\t<div class=\"e-con-inner\">\n\t\t\t\t<div class=\"elementor-element elementor-element-24f9916 elementor-widget elementor-widget-text-editor\" data-id=\"24f9916\" data-element_type=\"widget\" data-widget_type=\"text-editor.default\">\n\t\t\t\t<div class=\"elementor-widget-container\">\n\t\t\t\t\t\t\t\t\t<h4>A\u00f1o: 2014<\/h4><ul><li style=\"font-weight: 400;\" aria-level=\"1\">Reconocimiento por la labor cient\u00edfica de recuperaci\u00f3n e identificaci\u00f3n de personas secuestradas \/ desaparecidas durante el Terrorismo de Estado. <span style=\"font-weight: 400;\">Instituci\u00f3n otorgante:<\/span> C\u00c1MARA DE DIPUTADOS DE LA PROVINCIA DE CHACO. Reconocimiento a las investigaciones del Colectivo de Arqueolog\u00eda, Memoria e Identidad de Tucum\u00e1n (CAMIT) por parte de la C\u00c1MARA DE DIPUTADOS DE LA PROVINCIA DE CHACO.<\/li><\/ul><p>\u00a0<\/p><h4>A\u00f1o: 2015<\/h4><ul><li style=\"font-weight: 400;\" aria-level=\"1\">Destacada labor y aporte en el \u00e1mbito de los Derechos Humanos. Investigaci\u00f3n Forense &#8211; Derechos Humanos &#8211; Aportes a los procesos de memorias per\u00edodo 1975-1983.<span style=\"font-weight: 400;\"> Instituci\u00f3n otorgante:<\/span> UNIVERSIDAD NACIONAL DE TUCUMAN \/ RECTORADO. Reconocimiento a la trayectoria de investigaci\u00f3n a los integrantes del Colectivo de Arqueolog\u00eda, Memoria e Identidad de Tucum\u00e1n (CAMIT) por sus aportes en los \u00e1mbitos de la Arqueolog\u00eda, Historia, Educaci\u00f3n y Derechos Humanos en distintas causas vinculadas con los cr\u00edmenes de lesa humanidad en la provincia de Tucum\u00e1n.<\/li><\/ul><p>\u00a0<\/p><h4>A\u00f1o: 2016<\/h4><ul><li style=\"font-weight: 400;\" aria-level=\"1\">Reconocimiento por el trabajo forense y la identificaci\u00f3n de hombres y mujeres de la UNT. <span style=\"font-weight: 400;\">Instituci\u00f3n otorgante:<\/span> UNIVERSIDAD NACIONAL DE TUCUMAN (UNT). Investigaci\u00f3n Forense- Derechos Humanos<span style=\"font-weight: 400;\">.<\/span> Reconocimiento de la Universidad Nacional de Tucum\u00e1n por las investigaciones realizadas por el Colectivo de Arqueolog\u00eda, Memoria e Identidad de Tucum\u00e1n en causas vinculadas a cr\u00edmenes de lesa humanidad y que posibilitaron la identificaci\u00f3n de hombres y mujeres de la UNT.<\/li><li style=\"font-weight: 400;\" aria-level=\"1\">Reconocimiento al trabajo del Colectivo de Arqueolog\u00eda, Memoria e Identidad de Tucum\u00e1n. <span style=\"font-weight: 400;\">Instituci\u00f3n otorgante:<\/span> FAMILIARES DE DESAPARECIDOS &#8211; SANTIAGO DEL ESTERO. El trabajo del equipo fue reconocido por los Familiares de Detenidos-Desaparecidos de Santiago del Estero (Argentina), por el &#8220;comprometido trabajo desplegado para la recuperaci\u00f3n de restos \u00f3seos de nuestros seres queridos y de numerosos compa\u00f1eros, haciendo posible el necesario duelo familiar&#8221;. Lugar: Santiago del Estero.\u00a0<\/li><\/ul><p>\u00a0<\/p><ul><li style=\"font-weight: 400;\" aria-level=\"1\">Reconocimiento por el hallazgo e identificaci\u00f3n de v\u00edctimas del Genocidio argentino. <span style=\"font-weight: 400;\">Instituci\u00f3n otorgante: <\/span>UNIVERSIDAD NACIONAL DE SANTIAGO DEL ESTERO \/ FACULTAD DE HUMANIDADES, CS. SOCIALES Y DE LA SALUD. RECONOCIMIENTO al trabajo realizado por el Colectivo de Arqueolog\u00eda, Memoria e Identidad de Tucum\u00e1n, por parte de la Facultad de Humanidades, Ciencias Sociales y de la Salud (FHCSyS) de la Universidad Nacional de Santiago del Estero) y de la C\u00e1tedra Libre de DD.HH. de dicha unidad acad\u00e9mica.\u00a0<\/li><\/ul><p><br \/><br \/><\/p><h4>A\u00f1o: 2017<\/h4><ul><li style=\"font-weight: 400;\" aria-level=\"1\">Reconocimiento por los aportes a la Memoria, Verdad y Justicia. <span style=\"font-weight: 400;\">Instituci\u00f3n otorgante:<\/span> MINISTERIO DE DESARROLLO SOCIAL, GOBIERNO DE TUCUM\u00c1N. Reconocimiento del Ministerio de Desarrollo Social (Provincia de Tucum\u00e1n), por la &#8220;inclaudicable labor por Memoria, Verdad y Justicia&#8221; del Colectivo de Arqueolog\u00eda, Memoria e Identidad de Tucum\u00e1n (CAMIT), equipo forense al que pertenezco como miembro fundado.<\/li><\/ul><p>\u00a0<\/p><ul><li style=\"font-weight: 400;\" aria-level=\"1\">Primer Premio Concurso &#8220;NUESTRA HISTORIA, NUESTRO LUGAR&#8221;. <span style=\"font-weight: 400;\">Instituci\u00f3n otorgante: <\/span>GOBIERNO DE LA PROVINCIA DE TUCUMAN (TUCUMAN). A cargo de la direcci\u00f3n\/gui\u00f3n\/pos-producci\u00f3n del audio-visual &#8220;Esperanza Joven&#8221;, corto que aborda la trayectoria hist\u00f3rica de la localidad de Delf\u00edn Gallo (Tucum\u00e1n), desde los or\u00edgenes del poblamiento (mediados de siglo XIX) hasta el presente. El documental obtuvo el Primer Premio en el concurso &#8220;Nuestra Historia, nuestro lugar&#8221;, organizado por la Direcci\u00f3n de Juventud y Direcci\u00f3n de Adultos Mayores (ambas del Ministerio de Desarrollo Social de la Provincia deTucum\u00e1n) y el Ente Tucum\u00e1n Turismo. El trabajo conjunto entre la Red de J\u00f3venes de Delf\u00edn Gallo, el Instituto Superior de Estudios Sociales (ISES, UNT-CONICET) y el Colectivo de Arqueolog\u00eda, Memoria e Identidad de Tucum\u00e1n (CAMIT), posibilit\u00f3 el marco institucional para dicho documental.<\/li><\/ul><p>\u00a0<\/p><ul><li style=\"font-weight: 400;\" aria-level=\"1\">Reconocimiento al trabajo de investigaci\u00f3n. <span style=\"font-weight: 400;\">Instituci\u00f3n otorgante: <\/span>MUNICIPALIDAD DE SIMOCA\/ PROVINCIA DE TUCUM\u00c1N. &#8220;Reconocimiento por la labor desarrollada por los peritos del CAMIT en la investigaci\u00f3n Pozo de Vargas&#8221;. Otorgado por la Municipalidad de Simoca.\u00a0<\/li><\/ul><p><br \/><br \/><br \/><\/p><h4>A\u00f1o: 2018<\/h4><p>\u00a0<\/p><ul><li style=\"font-weight: 400;\" aria-level=\"1\">Reconocimiento de la Comuna Rural Delf\u00edn Gallo. <span style=\"font-weight: 400;\">Instituci\u00f3n otorgante: <\/span>COMUNA RURAL DELF\u00cdN GALLO. Reconocimiento por el trabajo realizado en el marco del documental ESPERANZA JOVEN, galardonado como ganador del Primer Concurso NUESTRA HISTORIA, NUESTRO LUGAR. Reconocimiento otorgado al Colectivo de Arqueolog\u00eda, Memoria e Identidad de Tucum\u00e1n por la realizaci\u00f3n del documental ESPERANZA JOVEN, galardonado como ganador del Primer Concurso NUESTRA HISTORIA, NUESTRO LUGAR. Instituci\u00f3n otorgante: Comuna Rural Delf\u00edn Gallo \/ Lugar: Centro Cultural Wenceslao Posse.<\/li><\/ul>\t\t\t\t\t\t\t\t<\/div>\n\t\t\t\t<\/div>\n\t\t\t\t\t<\/div>\n\t\t\t\t<\/div>\n\t\t\t\t<\/div>\n\t\t","protected":false},"excerpt":{"rendered":"<p>A\u00f1o: 2014 Reconocimiento por la labor cient\u00edfica de recuperaci\u00f3n e identificaci\u00f3n de personas secuestradas \/ desaparecidas durante el Terrorismo de Estado. Instituci\u00f3n otorgante: C\u00c1MARA DE DIPUTADOS DE LA PROVINCIA DE CHACO. Reconocimiento a las investigaciones del Colectivo de Arqueolog\u00eda, Memoria e Identidad de Tucum\u00e1n (CAMIT) por parte de la C\u00c1MARA DE DIPUTADOS DE LA PROVINCIA [&hellip;]<\/p>\n","protected":false},"author":1,"featured_media":0,"parent":0,"menu_order":0,"comment_status":"closed","ping_status":"closed","template":"","meta":{"footnotes":""},"class_list":["post-654","page","type-page","status-publish","hentry"],"_links":{"self":[{"href":"https:\/\/www.camit.unt.edu.ar\/index.php\/wp-json\/wp\/v2\/pages\/654","targetHints":{"allow":["GET"]}}],"collection":[{"href":"https:\/\/www.camit.unt.edu.ar\/index.php\/wp-json\/wp\/v2\/pages"}],"about":[{"href":"https:\/\/www.camit.unt.edu.ar\/index.php\/wp-json\/wp\/v2\/types\/page"}],"author":[{"embeddable":true,"href":"https:\/\/www.camit.unt.edu.ar\/index.php\/wp-json\/wp\/v2\/users\/1"}],"replies":[{"embeddable":true,"href":"https:\/\/www.camit.unt.edu.ar\/index.php\/wp-json\/wp\/v2\/comments?post=654"}],"version-history":[{"count":19,"href":"https:\/\/www.camit.unt.edu.ar\/index.php\/wp-json\/wp\/v2\/pages\/654\/revisions"}],"predecessor-version":[{"id":761,"href":"https:\/\/www.camit.unt.edu.ar\/index.php\/wp-json\/wp\/v2\/pages\/654\/revisions\/761"}],"wp:attachment":[{"href":"https:\/\/www.camit.unt.edu.ar\/index.php\/wp-json\/wp\/v2\/media?parent=654"}],"curies":[{"name":"wp","href":"https:\/\/api.w.org\/{rel}","templated":true}]}}